*2 - 8*c - 7. Let o be w(7). Let i = o - -107. What are the prime factors of i?
2, 11
Let i = 8 + -5. Suppose 4*y = 2*l + 10 + 12, -i*y + 9 = -4*l. List the prime factors of y.
7
Let u(p) = 12*p**2 + 5*p + 4. What are the prime factors of u(-1)?
11
Let i = 119 + -92. What are the prime factors of i?
3
Let n(i) = -6*i - 74. What are the prime factors of n(-26)?
2, 41
What are the prime factors of 6/(-28)*2 + 7170/21?
11, 31
Let n(r) = -r**2 - 10*r - 12. Let d be 1 - -9*(-2)/2. List the prime factors of n(d).
2
Suppose -8 = -g - 3*g. Let v be (-3 - g)*(-4)/10. Suppose -v + 4 = p. List the prime factors of p.
2
Let i(v) = 5*v**2 - 2*v + 7. List the prime factors of i(-4).
5, 19
Let b(w) = -11*w**2 + 8*w + 10. Let u(r) = 5*r**2 - 4*r - 5. Let x(v) = -6*b(v) - 13*u(v). Let i be x(-4). Suppose -3*n = -i - 10. List the prime factors of n.
5
Suppose -9 = -5*m + 1. Suppose -2*u + m = -2. Suppose 0 = u*w + 3*w + p - 23, 3*p + 26 = 4*w. List the prime factors of w.
5
Suppose 2*i + 10 = 3*h, -h = 3*i - 0 - 7. Suppose 0 = q + i + 1. What are the prime factors of (-2)/(-4) - 3/q?
2
Let m(w) be the first derivative of -w**4/4 - 4*w**3/3 - 3*w**2/2 + 2*w + 2. What are the prime factors of m(-3)?
2
List the prime factors of ((-9)/18)/(-2 + (-2385)/(-1194)).
199
Let b(y) = 2*y - 9. Let h(o) = -o**2 + 8*o + 1. Let k be h(7). List the prime factors of b(k).
7
Let t(h) = 73*h**2 - 4*h - 3. What are the prime factors of t(-1)?
2, 37
Let q(u) = -3*u**2 + 7*u - 4. Let m(c) = 7*c**2 - 14*c + 7. Let p(l) = 4*m(l) + 9*q(l). What are the prime factors of p(-9)?
2, 5
What are the prime factors of 30/(-105) - (-2242)/7?
2, 5
Let s = -2 - 0. What are the prime factors of s/(-4) + 78/4?
2, 5
Let y = -12 - -25. Suppose l - 31 = -y. What are the prime factors of l?
2, 3
Let t = -1 + -4. Let p = -2 - t. Suppose -3*r + 8*r = 3*q + 35, 2*q + 20 = p*r. What are the prime factors of r?
2, 5
Suppose 0 = 4*v + v - 15. Suppose 4*d - 480 = -t + v*t, -d + 134 = -4*t. Suppose 5*q = d - 33. What are the prime factors of q?
17
Suppose 30 = -k + 6*k. Suppose m - 26 = -k. What are the prime factors of m?
2, 5
Let s be (2 - (2 - 3))/3. Suppose -3*b - 2*h + 16 = 0, 4*h - 3*h = -s. Let c = b + 6. What are the prime factors of c?
2, 3
Let q be (-2)/(-6) - 22/(-6). Suppose -5*a = 3*z - 9, 0 = 4*z - a - 8 - q. Suppose -z*p + 60 = -0*p. List the prime factors of p.
2, 5
Let h = -12 - -26. What are the prime factors of h?
2, 7
Suppose -3*l = -4*l + 29. Suppose -3*t + l = -34. List the prime factors of t.
3, 7
Let h(i) = -i**2 - 12*i - 11. Let o be h(-10). Let u = o - 5. Suppose 2*q = u*q + 5*y - 37, 5*y = 2*q + 13. List the prime factors of q.
2, 3
Let r(a) = 2*a**2 + 2*a + 1. List the prime factors of r(4).
41
Let y = 824 + -128. Suppose 0 = k + 5, -4*b - k + 0*k - 93 = 0. List the prime factors of (-4)/b + y/44.
2
Let z(v) = -v**2 + 13 + v - 3 - 15*v. What are the prime factors of z(-14)?
2, 5
Suppose -30 + 96 = 2*w. Suppose -20 = 4*u, -2*x - u = 3*x - 20. Suppose -3*p - x*i + w = -0*i, 0 = p + 4*i - 4. List the prime factors of p.
2
List the prime factors of (906/4 - -1)*(-4)/(-5).
2, 7, 13
Suppose -22 - 14 = -3*k. Let o = 5 + -5. Suppose -k = -o*h - h. What are the prime factors of h?
2, 3
Suppose 4 = r + 2. List the prime factors of r.
2
Let u be (15/6)/(3/30). Let j = -14 + u. Suppose -f + j = -7. What are the prime factors of f?
2, 3
Let m(h) = -2*h - 7. Let v be m(-6). Suppose 2*j + 4*b = 46, 4*j - 63 = -v*b + 14. What are the prime factors of j?
13
Let l(c) = 6*c + 10. List the prime factors of l(7).
2, 13
Let y = -3 + 6. Suppose 76 + 8 = 5*n + y*x, 3*n = -4*x + 57. Suppose -n = -a - 6. List the prime factors of a.
3
Suppose a - 3*n - 12 = -0*n, 0 = a + 4*n + 23. Let i = 16 + a. What are the prime factors of i?
13
Suppose k + 5 = q, -5 + 0 = -k - 4*q. Let c(t) = t**3 - 6*t**2 - 15*t - 10. Let h be c(8). List the prime factors of (7 + -1)/(h/k).
3
Let f(i) = i**3 - i**2 + i + 16. What are the prime factors of f(0)?
2
Let g = -4 - -9. What are the prime factors of g?
5
Suppose -4*d - 107 = -3*n, 0*d - 16 = -4*d. List the prime factors of n.
41
Suppose 3*w + 2 = 5*w. What are the prime factors of ((-10)/30)/(w/(-81))?
3
Suppose 100 + 85 = 5*x. What are the prime factors of x*1 + -1 + 3?
3, 13
Suppose 1 = 3*p + d, -3*p + 2*p + 3 = 3*d. Suppose p*r - 8 = -4*r. Suppose -5*n + 66 = -4*q, 3*n + n + r*q - 32 = 0. What are the prime factors of n?
2, 5
Suppose 3*r - 73 = 41. What are the prime factors of r?
2, 19
Let w be (-62)/(-4) - (-3)/6. Suppose w = -2*q + 6*q. Suppose 0 = 5*p - q*p - 10. List the prime factors of p.
2, 5
Let r(b) be the second derivative of -b**5/20 + b**4/2 + b**3/6 + 2*b**2 - 2*b. Let p(f) = 3*f - 12. Let d be p(6). What are the prime factors of r(d)?
2, 5
Suppose 0 = 5*c + 72 + 23. Let a = c + 29. What are the prime factors of a?
2, 5
Suppose 3*v - 1 = -4. List the prime factors of 11 + v - 1/(-1).
11
Suppose y - 6 = -1. Let w be -2 + y + (-33)/(-3). Let j = 28 - w. What are the prime factors of j?
2, 7
Suppose -3*l + 2*g - 24 = 0, 0*g = -4*g + 12. Let o(j) = j**2 + 6*j + 1. Let t be o(l). List the prime factors of -1 + 13 + -2 + t.
11
Let r be (0/2)/(-3) + -4. Let v be (r/5)/(1/(-10)). Suppose 2*a + 4 = -3*h, -v*a + 3*a = 2*h + 21. What are the prime factors of h?
2
Let h(g) = 59*g**2 + g + 1. Let t be h(-1). Suppose 0 = 4*u - 57 - t. List the prime factors of u.
29
Let k = 4 + -2. Suppose k*i - 1 = -2*p + 7, -5*i + 20 = 3*p. What are the prime factors of i?
2
Let c = -226 - -363. List the prime factors of c.
137
Suppose 2*k - 1 - 85 = 0. Let t = k + -26. What are the prime factors of t?
17
What are the prime factors of (-7)/14 + (-41)/(-2)?
2, 5
Let j = -13 - -18. Suppose -j*t - 32 = -0*d - 3*d, 0 = 2*d - t - 12. Suppose 3*a + d = 5*a. List the prime factors of a.
2
Suppose 2272 = 5*z - 4*h, z + z = 4*h + 904. Let u be (-10)/4*z/(-30). Let q = -23 + u. What are the prime factors of q?
3, 5
Let k = -2 - 0. Let o be (2/(-5))/((-1)/15). List the prime factors of (9/o + k)*-4.
2
Suppose -7*j + 25 = -2*j. List the prime factors of (j/10)/(1/80).
2, 5
Suppose -d = 4*d - 155. List the prime factors of d.
31
Suppose -5*q + q = 60. Let g = 33 + q. List the prime factors of g.
2, 3
Suppose -3*b = -7*b + 8. Let a = 0 + b. What are the prime factors of a?
2
Let w be 6/(-12)*(-1 - 3). List the prime factors of ((-24)/(-10) - w)*115.
2, 23
Let q(v) = 3*v**2 - 2*v - 1. Suppose 11 = -5*w + 1. What are the prime factors of q(w)?
3, 5
Suppose -3 = -3*x, 0 = 3*r + x - 2*x - 5. Suppose -3*s = -4*z - 104, 213 = 5*s - r*z + 21. Suppose -6*i = -i - s. What are the prime factors of i?
2
Suppose -3*x = -3*r + 6, -4*r = -3*x - 2*r - 8. Let a = x + 7. List the prime factors of a.
3
Let f(t) be the third derivative of -5*t**4/12 - 2*t**2. Let y = -4 + 3. What are the prime factors of f(y)?
2, 5
Let w be -3 - (-3 - -6)*-3. Let h = w + -3. Suppose -13 - h = -2*g. What are the prime factors of g?
2
Let v = -26 + 16. Suppose u - 6 = -u. What are the prime factors of ((-2)/u)/(v/135)?
3
Suppose 3 = -2*o - 3. Let p = -2 - o. What are the prime factors of (0 - p) + 5 + -2?
2
Suppose 2*q + 9 = 5*j + 29, 3*q = 5*j + 35. List the prime factors of q.
3, 5
Let g(d) = 4 - d**2 - 2*d - 2*d + 3 - 5. Let w be g(-4). Suppose 4*h - 36 = -4*s, -3*s - 7 = -5*h - w. What are the prime factors of s?
5
Let z = -163 - -229. What are the prime factors of z?
2, 3, 11
Let f be 2/(-1 + (-3)/(-2)). Suppose -2*a + 4*a - 34 = -t, f*t + 85 = 5*a. What are the prime factors of a?
17
Let z be (32/(-20))/(4/(-10)). Suppose -z*h = -h. List the prime factors of -2 - (h + (-16 - 0)).
2, 7
Suppose 5*q - 11 = 4. Let n = 6 - 6. Suppose m - q - 3 = n. List the prime factors of m.
2, 3
Let f(l) be the first derivative of l**4/6 - l**2 - 1. Let z(q) be the second derivative of f(q). What are the prime factors of z(3)?
2, 3
What are the prime factors of (2/16*6)/(1/248)?
2, 3, 31
Let f(g) = -g**2 - 1. Let b(s) be the third derivative of -s**5/20 - 5*s**4/24 - s**3/2 - 2*s**2. Let t(k) = b(k) - 2*f(k). List the prime factors of t(-4).
3
Suppose 22 = 2*q + 18. Let t(u) = -u**3 + 7*u**2 - 5*u + 4. Let b be t(6). Suppose -q*r + r = -b. What are the prime factors of r?
2, 5
Let o = -26 + 73. Suppose 0 = 5*g - 21 + 176. Let v = o + g. List the pr